the greatest common divisor of 837036 and 324.
36
What is the highest common factor of 585 and 386620?
65
What is the highest common factor of 176679 and 2481417?
2637
Calculate the highest common factor of 451680243 and 5901.
5901
Calculate the highest common factor of 56 and 135463706.
14
Calculate the highest common divisor of 146270475 and 315.
45
Calculate the greatest common divisor of 47842 and 8227.
19
What is the highest common factor of 131840 and 19409320?
4120
Calculate the highest common factor of 678 and 145776.
6
What is the greatest common divisor of 17490 and 27529578?
318
Calculate the greatest common factor of 19664733 and 5049.
561
What is the greatest common factor of 62410 and 716530?
790
Calculate the greatest common factor of 10898371 and 11.
11
Calculate the highest common factor of 51133815 and 725.
145
Calculate the highest common factor of 900566 and 82882.
58
What is the highest common factor of 127 and 5487289?
127
What is the greatest common factor of 1186502308 and 159?
53
What is the greatest common divisor of 526111720 and 5240?
5240
What is the greatest common factor of 1689 and 54041244?
1689
What is the highest common factor of 3170518 and 2476?
1238
What is the highest common factor of 7886213 and 1?
1
What is the greatest common divisor of 558157372 and 86?
86
What is the highest common factor of 47936 and 17808?
112
What is the greatest common divisor of 3227100 and 4566300?
9300
What is the highest common factor of 2603756 and 11528?
524
Calculate the greatest common divisor of 3414257 and 116.
29
What is the greatest common factor of 32480 and 9042880?
1120
What is the greatest common factor of 6913 and 3569561?
223
Calculate the highest common factor of 390 and 144554592.
78
Calculate the highest common divisor of 1452 and 8205564.
12
What is the highest common divisor of 71197 and 1372?
49
What is the highest common factor of 1927 and 490934?
41
Calculate the greatest common factor of 6964851 and 32763.
201
What is the highest common divisor of 59784 and 2644?
4
What is the highest common factor of 353613 and 1261?
13
Calculate the greatest common factor of 5720 and 511030.
130
Calculate the highest common factor of 312547 and 1013932.
2461
Calculate the highest common divisor of 1963391 and 7.
1
Calculate the highest common divisor of 14909851 and 209.
209
Calculate the greatest common divisor of 147 and 2327136.
21
Calculate the highest common factor of 329 and 574726387.
47
What is the greatest common divisor of 132291586 and 99892?
3842
Calculate the highest common factor of 49 and 968527.
7
What is the highest common factor of 144822 and 900?
6
What is the highest common factor of 132267506 and 14?
14
What is the greatest common factor of 341 and 597608?
11
Calculate the greatest common factor of 1419 and 1746129.
33
Calculate the greatest common divisor of 3562073 and 778.
389
What is the highest common divisor of 28918 and 55442?
38
What is the greatest common divisor of 5211412 and 76?
4
What is the greatest common divisor of 11886424 and 792?
88
What is the greatest common divisor of 3132667 and 87?
29
What is the highest common divisor of 42 and 37288062?
42
Calculate the greatest common divisor of 102 and 220004718.
102
Calculate the greatest common divisor of 2800753 and 27988733.
18797
What is the highest common factor of 1496 and 17204968?
88
What is the greatest common divisor of 44 and 28405553?
11
Calculate the highest common divisor of 73623 and 24464847.
759
Calculate the highest common factor of 2844 and 47636.
4
Calculate the greatest common factor of 4251 and 989313.
39
Calculate the highest common divisor of 7043296 and 6688.
32
What is the highest common factor of 67898 and 8343466?
3994
What is the greatest common divisor of 332 and 598866248?
332
Calculate the greatest common divisor of 1805 and 150172.
1
Calculate the highest common divisor of 121237194 and 997.
997
Calculate the greatest common divisor of 183 and 62180411.
61
What is the highest common divisor of 16896 and 6207762?
66
What is the greatest common divisor of 693 and 962775?
99
What is the highest common factor of 223341 and 199436?
683
What is the highest common divisor of 9657495 and 5130?
135
Calculate the greatest common divisor of 910 and 203554910.
130
Calculate the greatest common divisor of 105296 and 41872.
16
What is the greatest common factor of 585 and 73760765?
65
Calculate the greatest common factor of 1104735 and 19740.
705
What is the greatest common divisor of 186 and 9060246?
186
Calculate the highest common divisor of 16715328 and 672.
672
Calculate the greatest common factor of 27648 and 2356164.
36
What is the greatest common factor of 888 and 1532472?
24
What is the highest common divisor of 36 and 2006364?
12
What is the highest common divisor of 28325 and 4104550?
2575
What is the greatest common divisor of 881955 and 605484?
1251
Calculate the highest common divisor of 65546262 and 4482.
1494
Calculate the greatest common divisor of 14170 and 32344.
26
What is the highest common divisor of 8082895 and 113905?
545
What is the greatest common factor of 31980228 and 117924?
3804
What is the greatest common divisor of 895236 and 104676?
732
Calculate the greatest common divisor of 3202596 and 5436.
36
What is the highest common divisor of 1314 and 4992762?
438
Calculate the highest common factor of 30 and 37219720.
10
What is the highest common factor of 26097302 and 946?
946
What is the highest common factor of 425 and 31295725?
425
What is the greatest common factor of 8403768 and 120?
24
What is the highest common divisor of 36 and 16603326?
18
What is the greatest common factor of 65240 and 119000?
280
Calculate the highest common divisor of 114885 and 31947.
69
Calculate the highest common divisor of 324 and 2364708.
12
Calculate the highest common divisor of 126390240 and 8840.
680
What is the highest common factor of 11400 and 1370291400?
11400
What is the greatest common factor of 507675 and 29225?
175
What is the highest common factor of 6322692 and 36?
12
What is the highest common factor of 13948 and 409712039?
3487
What is the highest common divisor of 257848 and 100?
4
Calculate the greatest common divisor of 32 and 883876032.
32
What is the greatest common factor of 1225 and 21660156?
49
What is the greatest common divisor of 341 and 334223648?
341
Calculate the greatest common factor of 6193811 and 265668.
1703
Calculate the highest common divisor of 972807031 and 971.
971
Calculate the highest common divisor of 2368 and 3451305536.
2368
Calculate the greatest common divisor of 3889094 and 22.
22
Calculate the highest common factor of 9 and 15913557.
9
What is the greatest common factor of 10597936 and 41548?
3196
Calculate the highest common divisor of 549878 and 703297.
1519
What is the greatest common divisor of 69471248 and 1870?
374
What is the highest common factor of 24942 and 100046519?
4157
Calculate the greatest common divisor of 2085706 and 1197.
133
Calculate the greatest common factor of 28202823 and 296703.
8019
What is the highest common factor of 3029607 and 8379?
1197
Calculate the highest common divisor of 13680 and 3051830160.
13680
What is the highest common divisor of 38382 and 28698?
6
Calculate the highest common divisor of 14512883 and 374.
187
Calculate the greatest common factor of 189 and 14480.
1
What is the highest common divisor of 6 and 67804992?
6
Calculate the highest common factor of 3794994 and 66.
6
What is the highest common factor of 5829 and 48517?
29
What is the highest common divisor of 23191084 and 56?
28
What is the greatest common divisor of 259794 and 181686?
1698
Calculate the highest common divisor of 334480 and 565.
565
What is the greatest common factor of 143 and 4806451?
13
Calculate the greatest common factor of 637753 and 490511.
887
What is the highest common factor of 1 and 5923245?
1
What is the greatest common factor of 32228523 and 3321?
81
What is the highest common factor of 662168 and 127816?
104
What is the greatest common factor of 9013548 and 876?
12
Calculate the highest common divisor of 56472444 and 144.
36
What is the greatest common factor of 10243614 and 1422?
474
Calculate the greatest common diviso